ppose -2*u - u - 5*n = -170, -4*n - 128 = -2*u. Let j = u - 58. List the prime factors of (-3)/(-12)*474 + j/4.
7, 17
Suppose 3*x = -2*g - 2*g - 10, -x = 2*g + 6. Suppose -4*i = x*i - 30. Suppose 752 = i*m - y - 3*y, 4*y + 160 = m. What are the prime factors of m?
2, 37
Suppose -2*x + 696 = 5*z, 323*z - 1678 = -5*x + 326*z. List the prime factors of x.
2, 13
Let z(j) = 19*j - 37. Let g(a) = -2*a. Let d(r) = -g(r) - z(r). Let m be d(-16). Let h = -151 + m. List the prime factors of h.
2, 79
Suppose 3*s = -q + 3*q - 341, 2*q = -4. Let p = s - -645. What are the prime factors of p?
2, 5, 53
Let r(m) = -m**3 - 5*m**2 - 3*m + 1. Let v be r(-4). Suppose -g - 77 = 4*j, -g - 4*j = -2*g - 53. Let d = v - g. What are the prime factors of d?
2, 31
Let d(m) = m**3 + 13*m**2 + 14*m - 25. Let o be d(-12). Let z = 38 - o. What are the prime factors of z?
3, 29
Suppose 5*l + 15*p - 11*p = 46351, 9255 = l - 3*p. What are the prime factors of l?
3, 3089
Let o(h) = 3*h**3 + 61*h**2 - 20*h - 24. Let y be o(-20). Let w = y - 59. List the prime factors of w.
3, 239
Suppose -135 = -95*a + 100*a. What are the prime factors of ((-349)/3)/(9/a)?
349
Suppose -3*z = -2*r - 65185, 0 = 294*z - 291*z + 3*r - 65220. What are the prime factors of z?
103, 211
Let a = 18365 + -13734. List the prime factors of a.
11, 421
Let m = 58454 + -22191. What are the prime factors of m?
36263
Suppose -2*b + b + 14 = 0. Suppose -6 = 8*v - b*v. Let s = 22 + v. List the prime factors of s.
23
Suppose -14*n - 8630 = -16*n - 2*u, 0 = 3*u - 18. What are the prime factors of n?
31, 139
Let r be -5 + -6*404/(-6). Suppose 4*n - r = 3*q + 716, -2*n - q = -555. What are the prime factors of n?
2, 139
Let a(q) = q + 5*q**2 - q**3 + 8 + 3*q**2 + 2*q**2 - 2*q**2. Let c be a(7). List the prime factors of (-8)/3*4/(c/(-588)).
2, 7
Let k be 0 + 3/(-6 + 3). Let j be 9 - 0 - (-4)/2. What are the prime factors of (k - -3)*(j + 2)?
2, 13
Suppose 3*u = 34 - 40. Let y be (u/8 + (-10)/(-8))*5. Suppose 166 = -y*x + 1156. What are the prime factors of x?
2, 3, 11
Let s be (0 + -1)*(-3 + 0). Suppose -5*m + 11 = s*i, i + 4*m = -0*m + 6. Suppose -2 = -i*z + 306. What are the prime factors of z?
2, 7, 11
Let t be ((-4)/6*-2)/((-6)/54). Suppose 9*j = 11*j - 32. Let x = j + t. What are the prime factors of x?
2
Let r(s) = s**3 - 25*s**2 + 222. What are the prime factors of r(34)?
2, 3, 7, 11, 23
Suppose 2*s - 80073 = 4*h + 25135, -5*h + 157812 = 3*s. What are the prime factors of s?
2, 13151
Let h(a) = -22*a - 105. Let p be h(-5). Suppose -6*i + 9*i = -p*o + 2557, 5*i = 2*o + 4241. List the prime factors of i.
3, 283
Let p(s) = -3*s - 17. Let t(j) = -5*j - 34. Let b(z) = -5*p(z) + 2*t(z). Let x be b(-4). List the prime factors of 60 - (12/x)/(-4).
59
Let w = 4872 - -1214. What are the prime factors of w?
2, 17, 179
Suppose -37*y = 23*y - 329520. List the prime factors of y.
2, 1373
Suppose 43 - 91 = 4*n. List the prime factors of ((-2085)/(-60))/((-1)/n).
3, 139
Suppose 28 = 24*a - 31*a. Let d(l) = 13*l**2 + 9*l + 45. What are the prime factors of d(a)?
7, 31
Suppose -4*t = -4, -4*t + t = -5*x + 22. Suppose -5*l - x*l + 40 = 0. Suppose 226 = -0*m + 2*m - 2*h, -5*m + 566 = -l*h. What are the prime factors of m?
2, 3, 19
Let v be -14 + 22 + 1 + -7. Suppose v*p + 3*i - 692 = 0, -5*p = -0*p + 3*i - 1721. List the prime factors of p.
7
Suppose -h - 41474 = -0*z - 5*z, -3*z + 24890 = -2*h. List the prime factors of z.
2, 11, 13, 29
Let r = 60 + -56. Suppose 0 = c + r*v - 318, v - 297 = -3*c + 712. What are the prime factors of c?
2, 13
Let j = -213 + 211. Let u(f) = -7*f**3 - f**2 - f - 8. What are the prime factors of u(j)?
2, 23
Let u(m) = 25*m**2 + m - 6. Let j be u(-3). Suppose 4*t - 3812 + j = 0. What are the prime factors of t?
29, 31
Suppose -2*q + 44 = -0*q. Suppose 48*d - 52*d = 4*f - 860, -2*f + 436 = -4*d. Suppose -k + f = q. What are the prime factors of k?
2, 97
Let d = 3504 + -1421. What are the prime factors of d?
2083
Suppose 0 = -5*v + q + 36 + 44, 0 = -5*v + 3*q + 70. Let j(z) = -z**3 + 16*z**2 + 18*z + 20. List the prime factors of j(v).
37
Let a = 38 + -36. Let y(j) = j**a - j**3 - 12 + 19 + 0*j**2 - 4*j. List the prime factors of y(-4).
103
Let s = -2363 - -3255. What are the prime factors of s?
2, 223
Let n = -16144 + 31236. What are the prime factors of n?
2, 7, 11
Suppose 6 = -24*g + 27*g. Let z(y) = -y**3 + 6*y**2 + 9*y + 11*y**g - 12 + 41. List the prime factors of z(17).
2, 7, 13
Let b(k) = 14*k**2 + 140*k - 11. List the prime factors of b(-33).
5, 11, 193
Let o = 3888 - 3698. What are the prime factors of o?
2, 5, 19
List the prime factors of (-8 + 30217/(-4))/(1/(-12)).
3, 3361
Let j(v) = v**2 + 25*v + 74. Let c be j(-33). Let m = c + -265. What are the prime factors of m?
73
Let l(v) = 7*v**3 - 4*v**2 + 2*v. Let d(i) = -i**2 - 8*i - 9. Let c be d(-6). Let h be (c + (1 - 5))*-2. What are the prime factors of l(h)?
2, 11
Let k(f) = -2*f - 39. Let u be k(-9). Let n = -17 - u. Suppose 263 = 3*a - n. List the prime factors of a.
89
Let c(f) = 40841*f**2 - f - 3. List the prime factors of c(1).
97, 421
Let j(p) = -p**3 - 4*p**2 + 14*p - 5. Let y be j(-6). Let g = y + 46. Let c = 43 + g. List the prime factors of c.
2, 3
Suppose -5*p + 4*g = -402 + 1921, -p - 4*g = 323. Let l = p + 192. What are the prime factors of (l/25)/(3/(-15))?
23
Let c = 421 - -102. Let w(h) = -3*h + 538 - 13*h**2 - 9*h - c - h**3. What are the prime factors of w(-13)?
3, 19
Let h(q) = -18*q**3 + 3*q + 12 + q**2 - 1 - 13. Let s(x) = -x**3 + 4*x**2 - x + 2. Let l be s(4). What are the prime factors of h(l)?
2, 5, 7
Let f(s) be the second derivative of 133*s**4/4 - 7*s**3/6 + 7*s**2/2 - 12*s + 4. List the prime factors of f(1).
3, 7, 19
Let t be (-17)/17 + 2*2. Let p be (0 - -1)*t/(-9)*-75. List the prime factors of (p + 1)*(2 - 0).
2, 13
Let j = 528 - 529. What are the prime factors of 1*-216*14*j/8?
2, 3, 7
Let f(p) = p**3 - 3*p**2 - 5*p + 9. Let v be f(3). Let w be 1 + 7/((-21)/v). Suppose 3*s = -0*s - w, 4*s = 5*q - 424. List the prime factors of q.
2, 3, 7
Let g = 4200 - -1195. What are the prime factors of g?
5, 13, 83
Suppose -v + 143*p = 146*p - 46662, -3*v + 6*p + 140091 = 0. What are the prime factors of v?
3, 7, 13, 19
Let c = -2550 - -1377. Let k = -605 - c. What are the prime factors of k?
2, 71
Let k = -656 + 721. Suppose -p = -5*m + 580, 2*m + p + 2*p = 215. Let v = m - k. List the prime factors of v.
2, 5
Suppose -22*p - 12*j = -19*p - 124401, 0 = -4*p - 3*j + 165920. List the prime factors of p.
13, 3191
Let a = 30 - -138. Suppose 3*w + 4*y = -64, -14*w + 64 = -19*w + 4*y. Let j = a + w. What are the prime factors of j?
2, 19
Let c = 481 - 398. Let u be (16 - 0/(-1)) + 0. Suppose 4*i + 2*x = -i + c, -u = -i - x. What are the prime factors of i?
17
Let g(l) = l + 8. Let r be g(1). Suppose -r*i - m = -4*i - 2, 2*i - 6 = -3*m. Suppose i = 2*b + 2*x - 4*x - 44, b + x = 16. What are the prime factors of b?
19
Suppose 5*g = -b + 14436, -2*g + 0*g - 5*b + 5779 = 0. List the prime factors of g.
2887
Let q = 114107 + -75811. List the prime factors of q.
2, 4787
Suppose 106*s - 125*s = -570. Suppose 0 = -s*b + 22134 - 2334. List the prime factors of b.
2, 3, 5, 11
What are the prime factors of (-57)/114 + (-84237)/(-6)?
101, 139
Let j(v) be the first derivative of -3*v**2 - 3*v**3 - 14*v - 1 - 1/2*v**4. List the prime factors of j(-6).
2, 5, 13
Suppose 6*k - 2 = 5*k. Suppose 4*n + 2*c = 82, -2*n + 39 = c - k*c. Suppose 320 = 2*b - n. What are the prime factors of b?
2, 5, 17
Let j(g) = -2*g**3 + 86*g**2 - 36*g + 733. What are the prime factors of j(42)?
2749
Let y(l) = -2 + 1 - 21 - 20*l - 15*l. Let u be y(-6). Let k = u - 103. List the prime factors of k.
5, 17
Let p = -24114 - -41740. List the prime factors of p.
2, 7, 1259
Suppose -v = -s - 5*v - 4, 4 = -3*s - 4*v. Suppose 4*w + 4463 - 6303 = s. What are the prime factors of w?
2, 5, 23
Let s(w) = -2*w**2 + 39*w - 16. Let t be s(25). Let a = -92 - t. What are the prime factors of a?
199
Let k(g) = 3*g + 7. Let l be k(-8). Let p = l - -15. List the prime factors of (-2499)/(-34) - (p/4 + 0).
2, 37
Let z = -4666 - -10187. Suppose -6*i = -z + 355. Suppose -6*d - d = -i. What are the prime factors of d?
3, 41
List the prime factors of (-126)/(-18) + (913 - -6).
2, 463
Le